1. Let b be w(z). Suppose 2*n - 35 = 5*c, -5*n - 2*c + b = -0. What is the units digit of n?
5
Let z = 2831 - 1981. What is the units digit of z?
0
Suppose -2*a + 2*i + 28 = -0*i, 3*i - 54 = -3*a. Let q be (16 - 10)*a/6. Suppose -13*x = -q*x + 147. What is the units digit of x?
9
Let d(a) = -86*a + 26. What is the hundreds digit of d(-4)?
3
Let x = 2997 + -1845. What is the units digit of x?
2
Let m be 7 + (-1 + 1 - 3). Let f be 2 + (m - 1)*5. Suppose 3*d - 10 = f. What is the units digit of d?
9
Suppose 0*g - 4*g + 40 = 0. Suppose -4*s = -2*h - 11 - 15, g = 5*s + 2*h. Suppose 4*p + 2*w - 36 + s = 0, -2*p - 2*w + 18 = 0. What is the units digit of p?
7
Let m(w) be the first derivative of -3*w - 27/2*w**2 + 12. What is the units digit of m(-3)?
8
Let i = 27 - 18. Let d(f) = 6 + 16 + f**2 + 14 - i + 13*f. What is the units digit of d(-15)?
7
Let k(a) = a**2 - 12*a - 8. Let w be k(12). What is the tens digit of -4*-7*(-4)/w?
1
Suppose -36 = -52*w + 46*w. Suppose 0 = -2*t - w, 809 = 5*i - 4*t + t. What is the hundreds digit of i?
1
Suppose 3*v + 2*c - 20 = 0, -3*c = -2*v - 0 - 4. Let l be 1/((-1)/2 - -1). Suppose v*g = 5*u - 113, 0 = 4*g - 14 + l. What is the units digit of u?
5
Let l(h) = h**2 - 2*h. Let s be l(7). Let v(m) = 2*m**2 + 8*m + 16. Let a be v(-3). Suppose -15*w = -a*w - s. What is the units digit of w?
7
What is the thousands digit of (-7404 - 0)/((-74)/4 + 17)?
4
Let n be (-14)/42 - 68/(-6). What is the units digit of 471/n + (-22)/(-121)?
3
Suppose 7*s = 23168 + 16739. What is the hundreds digit of s?
7
Let j be (0 - 2)*2/(-4). Suppose 5*p = 6*p + 1. Let z = j - p. What is the units digit of z?
2
Let b(h) = 2*h**2 + 3*h - 21. What is the tens digit of b(4)?
2
Suppose 2*w = 4*z + 564, 506 = 2*w + 2*z - 88. What is the hundreds digit of w?
2
Let v(x) = 3306*x**2 - 20*x - 1. What is the units digit of v(-1)?
5
Let y(z) = 53*z**2 + 3*z - 1. Let l = -51 + 52. What is the tens digit of y(l)?
5
Let a be 129/15 + 6/15. Let i be 3/9 - 3/a. Suppose -25 = -t - i*t. What is the tens digit of t?
2
Let y be (-8 - -3)*-6*(-98)/(-15). Let g = -8 + 12. Suppose -g*l - 5*f = -0*f - y, l - 32 = 3*f. What is the units digit of l?
4
Suppose -2*w - 888 = -5*w + 3*v, 3*w = -v + 884. What is the units digit of w?
5
Let i be ((-5)/(-2) - 3)*-4. Suppose r - 150 = -5*u - r, -u + i*r + 42 = 0. What is the tens digit of u?
3
Let y(t) = 98*t**2 - 10*t - 2. What is the tens digit of y(-7)?
7
Suppose -8348 = -3*b - 2*o, 4*b + o - 11159 = 4*o. What is the units digit of b?
6
Let h(v) = 230*v**2 + 9*v - 20. What is the tens digit of h(3)?
7
What is the tens digit of (-459*4/(-8))/(13/130)?
9
Let d = -15 - -18. Let m be 0/(2 + -3 + 3). Suppose 2*y - y = d*f + 10, m = -3*y + 5*f + 22. What is the units digit of y?
4
Suppose 5*t = -0*t + 5. Let v be t*(-48)/(-3) - -3. Suppose -v = 3*y - 4*y. What is the tens digit of y?
1
Let k = -1 - -4. Let z be 3 + (2 - -48 - -4). What is the tens digit of k/(123/z - 2)?
1
Suppose -4*o = -4958 - 1390. What is the units digit of o?
7
Let h(v) = -54*v + 1287. What is the thousands digit of h(0)?
1
Let s(a) = -a**3 + 2*a**2 + a. Let l(n) = 4*n**2 - 2. Let z be l(1). Let x be s(z). Suppose 0 = -4*o - 16, 3*o - 94 = -2*b - x*o. What is the tens digit of b?
5
Suppose 4*q + 4*k = -20, q - k - 2 = -1. Let b(t) = 290*t + 294*t - 587*t. What is the units digit of b(q)?
6
Let k(s) be the first derivative of s**4/4 - 6*s**3 + 25*s**2/2 + 24*s - 9. What is the units digit of k(17)?
0
Let i = -349 - -456. What is the hundreds digit of i?
1
Let b(g) = 2*g**2 - 5*g + 5. Let a be b(2). Suppose a*x = -2*x - 55. Let s = x + 14. What is the units digit of s?
3
Let q(d) = -d**2. Let s(a) = 4*a + 5. Let g(v) = -2*q(v) - s(v). Let n(w) = -59*w + 64. Let z be n(1). What is the units digit of g(z)?
5
Let d(p) be the third derivative of p**6/120 - p**5/5 + p**4/4 + p**3/2 + 5*p**2. What is the tens digit of d(12)?
7
Let w(f) = 4*f**2 + 0*f**3 + 27 - 2*f - 3*f**2 - f**3. Let g be w(0). What is the units digit of g/9*(-16)/(-6)?
8
Suppose -13*m + 8*m - o + 7567 = 0, 0 = 5*m + 3*o - 7561. What is the thousands digit of m?
1
What is the units digit of (-11)/(-5) - 2 - 6588/(-10)?
9
Let z = 11 + -9. Suppose -5*a = 2*k + 15, -3*a = z*k + 8 - 3. Suppose k*x + 2*h - 199 = 0, -5*x + 0*x + 217 = -4*h. What is the units digit of x?
1
Suppose -2*n + 3 + 1 = 0. Suppose 4*m = -4*i + i - 11, -m = n*i + 9. What is the units digit of m?
1
Suppose -m + 2*u + 46 = -5*m, 0 = -2*m - 2*u - 18. What is the units digit of m/(126/33 - 4)?
7
Let t(g) = 5*g**3 + 21*g**2 - g + 64. Let o(r) = 3*r**3 + 10*r**2 + 32. Let b(f) = -7*o(f) + 4*t(f). What is the tens digit of b(13)?
4
Let u(s) = s - 4. Let a be u(6). Suppose m - 2 = 0, 3 - 5 = -x + a*m. Suppose 0*o + x = o. What is the units digit of o?
6
Suppose -5*q = 4*m - 4503, -5*m = -5*q + 9*q - 3606. What is the tens digit of q?
9
Let l(u) = 4*u + u + 4*u**2 - 6*u + 4*u - 2. Suppose -h = -3*f + 1, 0 = 3*f + 3*h - 6 - 15. What is the tens digit of l(f)?
2
Let a = 227 - 53. What is the hundreds digit of a?
1
Let g(o) = o**2 - 2*o + 1. Let q = 21 - 12. Let y be 8 - q - 1*-5. What is the units digit of g(y)?
9
Let t(a) = a**3 - 6*a**2 + 4*a. Let g be t(5). Let v(k) = 0*k + 20 + k**3 + 4*k**2 + 2*k**2 + 2*k - 17. What is the units digit of v(g)?
8
Suppose -k + 4 = 3*k + 4*o, -k + 3*o = -9. What is the tens digit of 870/45 + 2/k?
2
What is the tens digit of 6 + 1 + (2943 - (-49)/(-7))?
4
Let r(c) = 8*c**3 + 2*c**2 - 4*c - 6. What is the tens digit of r(4)?
2
Let n(u) = 19*u + 92. What is the units digit of n(50)?
2
Let t(v) be the second derivative of -6*v - 1/3*v**3 - 4*v**2 + 0. What is the units digit of t(-7)?
6
Let y = 61 - 56. Let h(q) = -3*q**3 - 6*q**2 - 17*q - 5. Let b(f) = -4*f**3 - 9*f**2 - 25*f - 8. Let v(k) = 5*b(k) - 7*h(k). What is the units digit of v(y)?
5
Suppose 0 = -4*i - 4*o - o + 3837, 2*i - 1919 = -3*o. What is the tens digit of i?
5
Let x be 7/(-28) - 57/12. Let v(m) = m**2 + 7. What is the tens digit of v(x)?
3
Let t(b) = 46*b + 36. What is the tens digit of t(6)?
1
Let m(w) = w**2 - 9*w + 4. Let r be m(9). Suppose o = -r*o + 20. Suppose -7 - 5 = -o*f. What is the units digit of f?
3
Let c(y) be the second derivative of -17*y**3/6 - 15*y**2/2 + 6*y. What is the tens digit of c(-6)?
8
Suppose 4*k - x - 2125 = 0, -k = -5*x - 53 - 464. What is the hundreds digit of k?
5
Let v be 6/4*(-50)/(-15). Suppose -v*k + 1 = -14. Suppose -j = -5*f - 28, 0*j - k*j + 36 = -3*f. What is the units digit of j?
8
Let j = -832 - -900. What is the tens digit of j?
6
Suppose 21*t - 7791 = 7896. What is the hundreds digit of t?
7
Let c = 0 - -3. Suppose -2*s + 151 = i, -c*s + 0*i + 226 = i. What is the tens digit of s?
7
Let b(o) = 7*o + 2. Let m(y) = -7*y - 1. Let z(c) = -2*b(c) - 3*m(c). Let s be z(8). Suppose 0 = 5*r - 5*d - s, r - 5*r - d = -64. What is the units digit of r?
5
Suppose 3*t = -2*g - 6, -5*t - 16 = 2*g - 2. Let i be (4/(-5))/((-14)/105). Suppose -i*j + 84 = -g*j. What is the tens digit of j?
2
Suppose -3*v - 2 = -7*v + g, 4*v + 2*g + 4 = 0. Suppose -3*h = l - 112, -12 = 3*h - v*h. What is the tens digit of l?
2
Suppose 913 = 3*v - 5*z - 847, -2*z = 5*v - 2892. Let a = v - 398. What is the hundreds digit of a?
1
Suppose -9*z - 56 = -11*z. Let y be (5*1)/((-12)/(-60)). Let u = y + z. What is the units digit of u?
3
Let k(c) = 24*c - 215. What is the units digit of k(9)?
1
Suppose -181 = -51*a + 1655. Suppose 114 = -4*z + 438. Let y = z - a. What is the units digit of y?
5
Suppose 2*x = -9 + 1. Let k be x/(-7 - -3) + 2. Suppose k - 21 = -y. What is the tens digit of y?
1
What is the thousands digit of 1/(-3) + 13/(234/27150)?
1
Let l(r) = 3*r**2 - 6*r + 38. What is the units digit of l(10)?
8
Let a = 1662 - -1509. Suppose -a + 391 = -10*o. What is the units digit of o?
8
Let f = 61 + -41. Suppose 5*o = 15 + f. Suppose -12*a + 165 = -o*a. What is the tens digit of a?
3
Let y(a) = -a**2 + 4*a - 3. Let c be y(4). What is the tens digit of 9/(c + 174/56)?
8
Suppose 6*l = -1776 + 4680. What is the hundreds digit of l?
4
Let l be 18/4*24/9. Suppose -l = 6*n - 2*n. Let v = n - -30. What is the units digit of v?
7
What is the tens digit of (-22952)/(-24) - 5/(-3)?
5
Suppose 3*m - 170 = -2*o - 2*m, 4*m + 59 = o. Suppose 5*w = -3*t